u be (-3)/(-3)*(0 + -1). Let k(m) = 2*m**3 + 21*m**2 + 20*m - 62. Let p be k(-9). Is 1214 + -7 + (-3)/u + p prime?
False
Let m = 12 - 10. Suppose 0 = m*a - 7*a. Suppose a = -2*i + i + 53. Is i a composite number?
False
Let x(w) = -w - 11. Let f be x(-15). Let d be 2*f/44 - (-62)/22. Suppose -d*g + 1077 + 486 = 0. Is g a prime number?
True
Suppose 3*k = 2*k + 1. Let p be (k + -2)*3 - -2027. Suppose 2*r - 5102 = -3*r + 3*j, -2*r + p = 3*j. Is r prime?
False
Let d = -5528 - -31014. Is d a composite number?
True
Let x = -6 + -5. Let t(r) = -2*r**3 - 7*r**2 - r - 2. Let y be t(x). Suppose 4*n = 6220 - y. Is n prime?
False
Let f be (-6)/10 + (-48)/(-30). Let g(j) = -665*j - 2. Let h be g(f). Let b = h + 1314. Is b composite?
False
Let w be ((-196)/21)/7*(-5517)/6. Let d = -199 + w. Is d a composite number?
True
Let r = -160 + 159. Is 7726*5*r/20*-2 composite?
False
Let j(o) = -67*o + 9. Let i be j(11). Let l = i - -1047. Suppose -5*t = -l - 1926. Is t prime?
True
Let p(g) = 64*g**2 - 103*g + 134. Is p(35) a prime number?
True
Let w(a) = 2*a - 6. Let z be w(4). Let d(o) = -17 + 4 + 1220*o + z + 8. Is d(2) a prime number?
True
Is 4/(-6) + (-14645658)/(-18) prime?
True
Let q(g) = -272*g**2 + 4*g - 10. Let r be 19/4 + (-9)/12. Let o be q(r). Let p = -2823 - o. Is p a prime number?
True
Let g(p) = -p**3 - 7*p**2 - 7*p - 10. Let o be 2*1/(-3) + (-1184)/222. Let v be g(o). Is -1*(6/v)/(2/508) a composite number?
True
Suppose 415*j = 412*j - 5*q + 102012, 5*j - 170039 = -2*q. Is j a composite number?
True
Suppose 3*k - 2*w = 7270, 3*w + 9692 = -9*k + 13*k. Is k a prime number?
False
Let r be (-3696)/(-364) - 4/26. Suppose 0 = 24*f - r*f - 12866. Is f a composite number?
False
Let j(c) = -44*c - 173. Let m be j(-4). Suppose -3*b + 9 = -0*b. Suppose -f + 2357 = b*f - m*q, -584 = -f - q. Is f a prime number?
True
Let j(p) = 541*p**2. Suppose 31 = -6*n - 41. Let f be -1 + (4 - n/(-3)). Is j(f) composite?
False
Let p(b) = 5769*b**2 - 5*b + 125. Is p(-9) prime?
False
Suppose -2*g - i = -5*g - 3, 0 = 5*g + i - 3. Suppose u - 11 + 6 = g. Let x(d) = 58*d + 3. Is x(u) composite?
False
Let u(i) = -11*i**3 - 9*i**2 - 12*i + 3. Let x be (-2 - -5)*15/(-9)*2. Is u(x) prime?
True
Suppose -4*a + 405000 = -4*p, -55*p = 3*a - 53*p - 303725. Is a a composite number?
True
Let z(f) = 8*f**2 - 4*f - 13. Let n be 30 - 2*(5 - 0)/10. Is z(n) composite?
False
Suppose -15*w + 80238 = -50622. Suppose -3*o + 6*o - w = -3*p, 0 = 3*o + 5*p - 8734. Is o prime?
True
Suppose 283590 = -5*j - 40*j. Let r = j - -10885. Is r a composite number?
False
Is (-1227572)/6*(2/63 + (-22195)/14490) prime?
True
Suppose -4*f - 3 = -7. Let s(p) = -2*p**2 + p - 1. Let v be s(f). Is 156 + v*(-2)/4 prime?
True
Let b = -33806 + 144507. Is b a prime number?
False
Let z = 320771 - 170226. Is z a composite number?
True
Let x(n) = 3*n**3 - 13*n**2 - 9*n - 51. Let y be x(10). Is y/7 - ((-95)/(-35) - 3) prime?
True
Suppose -634568 = -2*i + 7*u, -3*u - 1366615 = -3*i - 414748. Is i a composite number?
True
Is (468936 + -10 + 7)/3 a composite number?
True
Let q = 19720 + 25412. Suppose 139*t = 143*t - q. Is t prime?
False
Suppose 0 = -17*a + 15*a + 3604. Suppose -828 = -2*i + 2*q + 1004, 4*q - a = -2*i. Is i prime?
True
Suppose 4*d - 1605260 = -3*m, -3*d + m + 1657071 = 453100. Is d a prime number?
True
Let d(l) = -19*l + 7*l + l + 4*l**2 + 10. Let i be d(5). Let v = i - -10. Is v composite?
True
Let n(y) be the first derivative of 2978*y**2 + 7*y + 42. Is n(1) prime?
False
Let b be ((-1431)/(-212))/(6/8). Suppose -90 = -0*y - b*y. Is y prime?
False
Suppose 2*t = -0*t + 2*s + 40, -t = 3*s - 36. Suppose -t*v = -19*v - 55925. Is v composite?
True
Suppose -3*g = -2*k + 8, 4*k - 3*g = 5*k - 4. Suppose u = 2*l - 1438, 5*l + u = -k*u + 3595. Is l prime?
True
Suppose -3*q = 2*g + 185, 22 = -g + 2*q - 53. Suppose 5*v + 0*y - 1474 = 2*y, v - 4*y - 284 = 0. Let j = g + v. Is j a composite number?
False
Suppose -4*n + 629401 = -3*q, -614153 = -5*n - 5*q + 172537. Is n composite?
True
Let u = 44673 - 31784. Suppose -u = 151*x - 152*x. Is x composite?
False
Suppose 3 = 21*n - 18. Is 393 - (n + (-2)/(-6)*3) composite?
True
Let p(t) be the second derivative of -t**5/20 - 31*t**4/12 - 47*t**3/6 + 119*t**2/2 + 122*t. Is p(-30) prime?
False
Suppose 149*a - 622532 = -3*x + 148*a, -3*a = -15. Is x prime?
True
Let g be 14/(-8)*2*-6682. Suppose -g = -3*v - m - 3750, 5*v - 4*m = 32751. Is v a composite number?
False
Let d = -2070 - -8267. Is d composite?
False
Let w be (-37449)/1 - (10 - 1). Let s = w + 68287. Is s composite?
False
Let c = 291533 + 84020. Is c a prime number?
True
Suppose 8*q - 10*q + 191968 = 0. Let s = -55851 + q. Is s prime?
False
Is (-357297)/(-7) + ((-2736)/(-133) - 20) composite?
False
Suppose -39*q + 38*q = -3*u - 141520, -424574 = -3*q - 5*u. Is q prime?
False
Suppose -5*m = 4 - 19. Suppose m*x = 12, 2*x = a + 6*x - 2987. Is a a composite number?
False
Let s(a) = 321*a**2 - 10*a + 1729. Is s(-54) prime?
False
Suppose 5265 = -17*u - 1331. Let h = u - -1265. Is h a composite number?
False
Suppose -60*a - 1196408 = -14500628 - 18558960. Is a a prime number?
False
Let q(w) = -86087*w + 452. Is q(-1) prime?
True
Let i(f) = f**3 - 7*f + 8*f + 7 + 6*f**2 + 1. Let y be i(-6). Suppose 5*j - x = 1060, y*x + 854 = 6*j - 2*j. Is j composite?
False
Suppose 2*l - 3*l - 33695 = -3*v, 56153 = 5*v - 3*l. Let d = 6533 - v. Is 10/35 + (d/(-14) - 1) composite?
True
Let z = 1054 - 598. Suppose z = d - 611. Is d a composite number?
True
Suppose 2*u - 10042 = -2*d, 0 = u - 14*d + 11*d - 5029. Suppose u + 11411 = 11*m. Is (m/(-12))/((-3)/34) prime?
False
Let q(h) = -6*h + 19 + 11*h + 294*h**2 - 88*h - 21*h. Is q(9) prime?
False
Let k = -680832 + 1058015. Is k composite?
False
Suppose 3*r = 6*r - 3. Let k(x) = 2*x + 126*x**2 + 0 + 16 - 17. Is k(r) composite?
False
Let u be 8/(-44) + 4218/(-33). Let c = -63 - u. Suppose -233 + c = -8*b. Is b composite?
True
Let k(f) be the third derivative of -211*f**4/24 - 13*f**3/2 + 5*f**2 - 2*f. Let m(y) = -2*y**2 - 4*y + 4. Let w be m(3). Is k(w) composite?
True
Let f(j) = 40*j - 2. Let d(b) = -80*b + 4. Let s(m) = -4*d(m) - 9*f(m). Let q be s(-2). Suppose 464 = 6*r - q. Is r composite?
True
Let b = -2530 + 842. Is b/(-12)*(-3)/(-2) a composite number?
False
Suppose -8*z + 51 = -25*z. Is 446/(-6)*z*23 a prime number?
False
Let p be 4323 + 0 + 3 - -2. Is (p/(-36)*3)/(6/(-27)) a composite number?
True
Let t = -5450 + 2980. Let a = t - -3489. Is a a prime number?
True
Let l(h) = -3*h**3 + 7*h**2 - 33*h - 232. Let n = 290 + -299. Is l(n) a composite number?
False
Suppose 4*w - 1640 = -2*y + 1606, 0 = 5*y - 4*w - 8171. Is y prime?
False
Let i = 172 + 6086. Let w = 15613 - i. Is w composite?
True
Is ((-1)/((-5)/(-132887)))/((-1609)/8045) a prime number?
True
Let g = -7 - -9. Suppose 9*h - 14*h = -95. Suppose g*r - h - 55 = 0. Is r a composite number?
False
Let n(x) = 194*x + 153. Let i be n(22). Let d = -2222 + i. Is d composite?
True
Let d(x) be the second derivative of 637*x**4/12 - x**3/2 + x**2/2 - 133*x. Is d(-7) a prime number?
False
Let k be 6*(-3 + 2) - -8. Suppose -2*s = -5*w - 327, 4*s - 7*w = -k*w + 649. Is s a composite number?
True
Suppose 11*l - 12*l = -2511. Suppose 4*d = l + 4421. Let y = d + -864. Is y composite?
True
Let x = 3118283 - 1486370. Is x a prime number?
False
Let a = 187 - 183. Suppose -25 = -a*y + 819. Is y prime?
True
Let i = 66997 - 27206. Is i a composite number?
False
Let w(n) = -2489*n**3 - 69*n**2 - 365*n - 13. Is w(-6) composite?
True
Is (-102)/561 + 1320906/22 a prime number?
True
Is (-90417)/(-2) - 22/(44/(-1)) composite?
True
Let o = -76 - -51. Let n = o - -20. Is ((-1772)/n)/((-10)/(-25)) prime?
False
Let n be (33 + 0)*(-3 - -4). Suppose 0 = 5*j - 2*p - n, 3 = 3*j + 3*p - 0. Suppose j*g = g - 2*y + 2482, 3*y = -15. Is g prime?
False
Let x(j) = 26*j + 143. Let q be x(-5). Suppose -q*y = 41*y - 235818. Is y a prime number?
False
Let n be ((-224)/(-4))/4 + 2. Is (n/24)/(1/((-1146)/(-4))) prime?
True
Let b(u) = -24*u + 58. Let s be 28/(-3)*30/20. Is b(s) a composite number?
True
Let h(c) = 8*c - 218. Let o be h(26). Is (114/((-12)/4))/(o/485) prime?
False
Let h = -6 - -10. Suppose -10*i - 32 + 62 = 0. Is -5 + h + (735 - i) prime?
False
Is ((-25067044)/(-170))/(4/10) co